he highest common factor of 601320 and 120.
120
Calculate the greatest common factor of 2119 and 67645.
163
Calculate the highest common divisor of 524 and 17947.
131
Calculate the highest common factor of 147 and 287.
7
Calculate the highest common factor of 279040 and 40.
40
What is the greatest common factor of 242 and 42988?
22
What is the highest common factor of 870 and 2430?
30
What is the highest common divisor of 267447 and 61951?
1511
Calculate the highest common divisor of 51219 and 77.
7
Calculate the highest common divisor of 360 and 1908.
36
What is the greatest common divisor of 7703 and 17?
1
What is the highest common divisor of 10049 and 16?
1
What is the highest common factor of 22040 and 2432?
152
Calculate the highest common factor of 780320 and 256.
32
What is the greatest common factor of 564 and 29976?
12
Calculate the greatest common factor of 9 and 53349.
3
What is the greatest common factor of 54 and 429174?
18
What is the greatest common divisor of 702 and 405366?
78
What is the greatest common factor of 1874016 and 241?
241
What is the highest common factor of 1215 and 14733?
9
What is the greatest common factor of 193750 and 310?
310
Calculate the greatest common divisor of 2706 and 1914.
66
What is the highest common factor of 647206 and 28?
14
Calculate the highest common divisor of 55 and 247445.
55
Calculate the greatest common divisor of 5709 and 7958.
173
Calculate the highest common factor of 832 and 681200.
208
What is the highest common factor of 82525 and 850?
25
What is the greatest common divisor of 713 and 263005?
23
Calculate the highest common factor of 1148 and 47642.
574
What is the highest common factor of 49 and 45976?
7
Calculate the highest common divisor of 280 and 102865.
35
What is the greatest common factor of 62836 and 69?
23
What is the highest common divisor of 2075 and 144835?
415
Calculate the highest common divisor of 2623254 and 114.
114
Calculate the greatest common factor of 2138 and 226.
2
Calculate the greatest common factor of 188428 and 2282.
326
Calculate the highest common factor of 224 and 126.
14
What is the greatest common divisor of 163329 and 9?
3
What is the greatest common divisor of 24 and 147000?
24
What is the greatest common divisor of 27199 and 1383?
461
What is the greatest common factor of 14324 and 4?
4
Calculate the highest common factor of 84 and 51163.
7
Calculate the highest common divisor of 248 and 1878476.
124
What is the greatest common divisor of 119895 and 105?
15
What is the greatest common divisor of 8981 and 14?
7
Calculate the greatest common factor of 33 and 1182786.
33
What is the highest common factor of 378 and 450387?
189
What is the highest common divisor of 1476 and 42435?
369
Calculate the highest common factor of 1660 and 38761.
83
Calculate the greatest common divisor of 246734 and 906.
302
What is the highest common factor of 182535 and 3225?
645
Calculate the greatest common factor of 1012 and 165836.
44
Calculate the greatest common factor of 183667 and 3245.
649
Calculate the greatest common factor of 1100 and 625.
25
What is the greatest common factor of 55300 and 5135?
395
What is the highest common factor of 18106 and 66?
22
What is the highest common divisor of 6730 and 2?
2
What is the highest common factor of 336666 and 198?
66
Calculate the greatest common divisor of 102858 and 22134.
1302
Calculate the highest common divisor of 51339 and 7848.
327
Calculate the greatest common factor of 145 and 39.
1
Calculate the highest common divisor of 5918 and 264.
22
What is the highest common factor of 13612419 and 9?
9
Calculate the highest common factor of 247 and 1599.
13
Calculate the greatest common factor of 318 and 528357.
159
What is the highest common divisor of 1188 and 23727?
33
What is the greatest common divisor of 2047 and 8277?
89
Calculate the greatest common factor of 746124 and 24.
12
What is the highest common divisor of 1742 and 221?
13
Calculate the highest common factor of 612 and 75123.
153
Calculate the greatest common factor of 102 and 9994776.
102
What is the greatest common divisor of 1561200 and 3000?
600
Calculate the highest common divisor of 2072 and 18278.
74
Calculate the highest common factor of 11663 and 125083.
107
Calculate the greatest common divisor of 490 and 164550.
10
Calculate the highest common factor of 803 and 374271.
73
What is the highest common factor of 568 and 19738?
142
Calculate the greatest common divisor of 10370 and 41175.
305
Calculate the greatest common factor of 90 and 165915.
45
What is the greatest common divisor of 6714 and 5094?
18
What is the greatest common factor of 2595405 and 15?
15
What is the highest common factor of 1179 and 2745?
9
What is the greatest common factor of 42070 and 370?
10
Calculate the greatest common factor of 245 and 235.
5
What is the highest common factor of 7437 and 6432?
201
Calculate the greatest common factor of 88373 and 10921.
67
What is the greatest common divisor of 175728 and 252?
84
What is the greatest common factor of 6851 and 663?
221
Calculate the greatest common divisor of 51985 and 2035.
185
Calculate the highest common divisor of 27104 and 11374.
242
What is the greatest common factor of 2000 and 68300?
100
Calculate the greatest common divisor of 3179 and 47124.
187
What is the highest common divisor of 100 and 226700?
100
What is the greatest common divisor of 73160 and 3224?
248
What is the greatest common factor of 396 and 427053?
33
Calculate the highest common divisor of 3053 and 16898.
71
What is the greatest common factor of 15120 and 5200?
80
What is the greatest common divisor of 43608 and 7110?
474
Calculate the highest common divisor of 6000 and 1304000.
2000
Calculate the greatest common divisor of 48 and 500384.
16
What is the greatest common factor of 1710 and 817?
19
Calculate the highest common divisor of 24 and 31112.
8
What is the greatest common factor of 3053 and 1161?
43
Calculate the greatest common factor of 44408 and 1001.
91
What is the greatest common factor of 1398705 and 173?
173
What is the highest common divisor of 158067 and 18837?
819
What is the greatest common factor of 9675 and 1575?
225
What is the highest common divisor of 31311 and 3528?
441
Calculate the highest common factor of 791 and 64636.
113
Calculate the greatest common divisor of 2465 and 731.
17
What is the greatest common divisor of 427 and 118279?
427
Calculate the greatest common divisor of 2 and 362238.
2
What is the highest common divisor of 812 and 984550?
406
Calculate the highest common divisor of 515 and 600078.
103
What is the greatest common divisor of 33556 and 4?
4
Calculate the highest common divisor of 55 and 6605.
5
Calculate the highest common divisor of 18666 and 612.
306
What is the greatest common factor of 172480 and 1936?
176
What is the highest common divisor of 8 and 922408?
8
What is the highest common divisor of 552666 and 6?
6
What is the greatest common divisor of 444 and 3234762?
222
What is the highest common factor of 45 and 2518455?
15
Calculate the highest common factor of 4130 and 9322.
118
Calculate the highest common factor of 820326 and 169.
169
Calculate the highest common factor of 8180 and 2.
2
Calculate the greatest common divisor of 989 and 2300.
23
What is the highest common factor of 3060712 and 56?
8
What is the highest common factor of 202 and 4479855?
101
Calculate the highest common factor of 229124 and 28.
28
What is the greatest common factor of 28 and 4795028?
28
Calculate the highest common factor of 20444918 and 2782.
2782
Calculate the greatest common divisor of 72529 and 41.
41
Calculate the greatest common divisor of 301 and 143087.
7
Calculate the highest common factor of 2 and 19394.
2
Calculate the greatest common divisor of 158723 and 368.
23
Calculate the highest common divisor of 12 and 2847972.
12
Calculate the greatest common divisor of 1989 and 64413.
153
What is the highest common factor of 1457 and 5123?
47
What is the greatest common divisor of 313620 and 492?
12
What is the highest common factor of 244 and 48190?
122
Calculate the highest common divisor of 15 and 10260.
15
Calculate the highest common factor of 20219 and 1.
1
Calculate the highest common di